t s = -63 - -120. Let o be 4/(-10)*10*s/(-6). Let l(k) = 5 + 39*k + o*k - 82*k. Give l(5).
-20
Let c(m) be the second derivative of -m**4/12 - 5*m**3/6 + 2*m**2 - 3735*m. Calculate c(-2).
10
Let n(l) = -5 - 10*l - 7 - l**2 - 13. Let h = 856115 + -856121. Determine n(h).
-1
Let x(b) = b**3 - 8*b**2 - 7*b - 13. Let w be ((-2)/6 - -1)*9/(-2). Let n be (-1)/(-2) - 168/(-16). Let i be w*(-2)/(-3) + n. Calculate x(i).
5
Suppose -21 = -4*u + q, 3*u - 3*q + 0*q = 18. Suppose 1000 + 103 = 5*r + 4*d, -3*d + 6 = 0. Let z(n) = 4*n + r - n**2 + 0*n - 221. Calculate z(u).
-7
Let t(n) = 7*n**2 - 11*n + 5. Let j(r) = -3*r**2 + 5*r - 2. Let b(x) = -5*j(x) - 2*t(x). Let y(k) = 2*k + 8. Let u be y(26). Let l = -57 + u. Determine b(l).
0
Let t(g) = 15*g**3 - 15*g**2 + 18*g - 1. Let c(a) = a**3 - a**2 + a. Let z(d) = 29*c(d) - 2*t(d). Determine z(6).
-220
Let j(w) = w - 8. Let a = 219 + -226. Let g(n) = -n**2 - 8*n - 1. Let p be g(a). Give j(p).
-2
Let a(h) = h - 3. Let b(t) = t**3 + 22*t**2 + 20*t - 21. Let i be b(-21). Suppose j + z - 4 = 0, i = 3*j - 2*z - 13 + 1. Give a(j).
1
Let u(p) = -2*p - 4. Suppose -135 = -60*t + 1665. Let r = -36 + 1. Let d = r + t. Calculate u(d).
6
Suppose w = 131*l - 135*l + 20, -2*w + 10 = 2*l. Let m(c) = c**3 + 2*c**2 - 37*c + 10. Calculate m(l).
0
Let w = -76776 + 76767. Let i(g) = g**2 + 7*g. Let s(l) = -l**2 - 7*l. Let q(p) = 4*i(p) + 3*s(p). Calculate q(w).
18
Let b(l) = -l**3 + 5*l**2 + 4*l - 4. Let z(f) = -f - 3. Let y be z(2). Let m be (2 + y)/((-6)/(-40)). Let d be (-5)/((m/(-4))/(-5)). What is b(d)?
16
Suppose 0 = 5*s + t - 10, s + 2*t = -0*t + 2. Let u(a) = 0*a**2 + 0*a**s - 12*a**2 + 11*a**2 + 2. Give u(2).
-2
Suppose -u = -3*i - 8 + 110, 5*i = 5. Let y = -80 - u. Let h(x) = 27 - x - y + 2. Give h(7).
3
Let k(q) = 5 + 16*q**3 + 6*q**2 - 6*q - 3*q**2 - 12*q**3 - 2*q**2. Let i(l) = 9*l**3 + 2*l**2 - 13*l + 11. Let f(z) = 2*i(z) - 5*k(z). Give f(2).
-15
Let q(d) = d**3 + d - 1. Let y(z) = 5*z**3 + 7*z - 6. Let u = 261 + -255. Let t(l) = u*q(l) - y(l). Determine t(-2).
-6
Suppose -4*s = d - 9, -d = s + 1878 - 1881. Let b(c) = -53*c + 8. Calculate b(d).
-45
Let x(b) be the third derivative of -b**4/24 - 5*b**3/6 - 8*b**2. Suppose m = 3*s - 3, 6*s - 6 = 2*s + 2*m. What is x(s)?
-5
Let n(t) = t - 1. Suppose -2*d = 4*m - 40, -4*m - 4 = -5*m. Let j be 1 + 0 + d + -6. Determine n(j).
6
Let x be 1995/171*(-6)/(-10). Let y(p) = p**2 + 16*p - 156. What is y(x)?
5
Let j(m) be the third derivative of 0*m + 1/24*m**4 + 1/30*m**5 + 0*m**3 + 0 - 3*m**2 - 1/60*m**6. Let d be ((-78)/(-182))/((-3)/(-14)). Determine j(d).
-6
Let i(g) = -g**3 + 14*g**2 - 12*g - 16. Suppose -4*q - 53 = -5*f, -3*f - 46 + 100 = 5*q. What is i(f)?
-3
Let w = -201 + 203. Let s be (-84)/(-2 - w)*2/7. Let z(i) = i**3 - 7*i**2 + 8*i - 9. Give z(s).
3
Let r(u) = 2*u**2 - u. Suppose 0*f - 5*f + 760 = 0. Let z = -151 + f. Calculate r(z).
1
Let p(h) be the second derivative of h**6/360 + 3*h**5/40 + 41*h**4/12 - 8*h + 1. Let v(b) be the third derivative of p(b). Determine v(-12).
-15
Suppose -u + 2*k - 8 = 0, 2*k + 12 = -5*u - 2*k. Let h(p) = 3*p**3 - 8*p. Let c(x) = 2*x**3 + x**2 - 7*x + 1. Let i(l) = u*c(l) + 3*h(l). Calculate i(3).
-1
Suppose 0 = 2*k - 10, 0 = 4*c + 2*k - 8 + 22. Let l be (-2)/(3/(30/(-4))). Let n(s) = 0*s - s**3 - l*s**2 + 10 + 5*s - 9. What is n(c)?
7
Let g be 11/((-154)/(-70)) - -7. Let t(s) = -2*s + 6. Give t(g).
-18
Let v(a) = -143*a - 465. Let d(z) = 90*z + 310. Let y(u) = -8*d(u) - 5*v(u). Give y(-32).
5
Let v(h) = 90*h**3 + 1013*h**2 + 507*h - 341. Let y(q) = 8*q**3 + 92*q**2 + 46*q - 30. Let i(b) = 2*v(b) - 23*y(b). What is i(-22)?
8
Let r(g) = -2 + 5 - 3*g - 5 + g. Let b(y) be the third derivative of -y**6/120 + y**5/6 - 7*y**4/24 - 11*y**3/3 - 23*y**2. Let u be b(9). Determine r(u).
6
Let k(h) = 4*h**3 + 2*h - 1. Let t(f) = f**2 + 11. Let w be t(0). Let m(n) = -2 - n**3 - w - 13*n + 14 - 14*n**2. Let a be m(-13). Determine k(a).
5
Let f(g) = -g**2 + 8*g + 5. Let b be f(8). Suppose v = -b*k + k + 20, 0 = 5*k + 3*v - 32. Suppose 6 = -k*s - 2. Let x(u) = 5*u + 3. Determine x(s).
-7
Let u(y) = -4*y**3 + 3*y**2 + y - 2. Let c(n) = -7*n**3 - 9*n**2 + 19*n - 52. Let q(a) = c(a) - 2*u(a). Determine q(14).
-6
Let x(s) = s**3 + 27*s**2 - 2*s - 50. Let l(f) = -111*f - 27. Let m be l(0). Determine x(m).
4
Let y be (0 + (-27)/24)*(-5 + 3/(-9)). Let f(j) = j**3 - j**2 + 2. Let o be f(0). Let v(b) = -3 + 8*b + 2 + b**3 - 7*b**o - 6. Determine v(y).
5
Suppose -3*m = p - 11, -9*m = -8*m + 2*p - 12. Let w(l) = -3*l**2 + 2*l - 2*l**m + 4*l**2 - 5*l + 6. Give w(-6).
-12
Let g(v) be the first derivative of -v**5/60 + v**4/3 + 20*v**3/3 - 8. Let m(w) be the third derivative of g(w). Let t be 4/(-18) + 112*9/162. What is m(t)?
-4
Let o(f) = f**3 + 3*f**2 - 2*f - 4. Suppose -19*j + 37 = 75. What is o(j)?
4
Let p = 0 + 5. Suppose -10 = -p*n, -18 = 2*j + 2*n + 2. Let o be (-27)/j*(-24)/(-9). Let i(m) = m**3 - 5*m**2 - 4*m - 5. What is i(o)?
7
Let y = -8 + 32. Suppose -4*b + w - 2 = -11, y = 5*b + 3*w. Let i(o) = 3*o**2 - 4*o + 7. Let c(k) = -k**2 + k - 2. Let p(m) = 2*c(m) + i(m). What is p(b)?
6
Let i(j) be the first derivative of 21*j - 1/6*j**3 - 1/2*j**2 - 9 + 1/3*j**4. Let r(x) be the first derivative of i(x). Calculate r(-1).
4
Let g(d) = -d**3 - d**2 + 4*d - 6. Let j = -33 + 36. Calculate g(j).
-30
Let z(c) be the first derivative of 4 - 1/2*c**2 + 7*c. What is z(0)?
7
Let u(t) = 13*t**2 - 39*t + 89. Let o(d) = 4*d**2 - 12*d + 27. Let w(r) = 10*o(r) - 3*u(r). Let q be 0/((-1)/(-1)) + 3. Determine w(q).
3
Suppose -i = 8*r - 5*r - 52, r - 10 = -4*i. Let w(o) = -o**3 + 21*o**2 - 53*o - 22. Let j be w(r). Let s(k) = -k**2 + 5*k - 3. What is s(j)?
-39
Let o(n) = -n**3 + 18*n**2 + 20*n - 22. Let f(s) = -10*s**2 + s - 1. Let i(x) = -f(x) - o(x). Give i(10).
13
Let r(n) = 5*n - 4. Let p(t) = 6*t - 5. Let c(i) = -4*p(i) + 5*r(i). Let m be (0 + 6/(-8))/(6*3/(-72)). What is c(m)?
3
Let v(d) = -5*d - 57. Suppose 0 = -4*o - 26*o - 360. What is v(o)?
3
Let u = 4269 - 4278. Let g(w) = -10*w - 94. Determine g(u).
-4
Let u(p) = p**2 - 8*p + 10. Let f = 73 - 68. Suppose -f*y = 2*d - 4, -3*d = -6*d - y + 19. Determine u(d).
3
Let n(b) = 102346 + 2*b - 3*b - 102341 - 2*b + 4*b. Calculate n(9).
14
Let m(t) = 22*t - 128. Let r(x) = 18*x - 110. Let n(f) = 4*m(f) - 5*r(f). Give n(19).
0
Let x(p) be the third derivative of p**6/120 + 7*p**5/20 + 7*p**4/8 + 7*p**3/6 - 777*p**2 + 6. Determine x(-20).
-13
Let q(g) be the first derivative of g**4/4 - 2*g**3 - 17*g**2/2 + 14*g - 182. Determine q(8).
6
Let l(s) be the first derivative of s**4/4 - s**3 - 2*s**2 + 4*s - 1. Let w = 557 + -553. Suppose -w*j - 4*u + 9*u = -6, 4*u - 4 = j. Calculate l(j).
4
Let g(b) = -3183*b**3 - 3208*b**3 + 6389*b**3 + 4*b**2 - 14*b**2 + 1. Give g(-5).
1
Let r(o) = 7*o + 2. Let h(q) = -6*q - 1. Let i(x) = -3*h(x) - 2*r(x). Suppose -354 = -13*u - 94. Let t(k) = 2*k - 39. Let n be t(u). Determine i(n).
3
Let l(q) be the third derivative of -3*q**2 + 1/8*q**4 + 7/6*q**3 + 1/120*q**6 + 0*q + 1/12*q**5 + 0. Let t = -1199 + 1194. Calculate l(t).
-8
Suppose 0 = -w + 4*j + 4122, 0 = -3*w - j + 5*j + 12406. Let o(s) = 4146*s + w*s - 8286*s. What is o(8)?
16
Let d(c) = c**2 - 20*c + 4. Let r(k) = 13*k**2 + 88*k - 4. Let p be r(-7). What is d(p)?
-47
Let l(k) = -2*k + 8. Let n be ((-3)/3)/(-1)*-15. Let c be n/(-5) - (0 - -1). Let i be 1/((c/7)/2). Give l(i).
-6
Let u(r) be the first derivative of -1/3*r**3 - 3*r + 3/2*r**2 - 2. Determine u(4).
-7
Suppose 4*u = 147 - 27. Suppose 2*d = -4*f + 145 - 79, 3*d - 3*f = 135. Suppose 0 = -d*n + 36*n + u. Let s(w) = -w**2 + 7*w - 7. Give s(n).
-1
Let y(b) be the first derivative of -b**4/4 + 4*b**3 - 7*b - 1586. Give y(12).
-7
Let j(d) = -3*d**2 + 2*d + 3. Let f(b) = 21*b**2 - 2*b - 10. Let g(h) = f(h) + 6*j(h). Give g(-5).
33
Let r(b) = 1316371 + 103*b - 2632794 + 1316327. Determine r(1).
7
Let h(m) = -656*m**2 + 221*m**2 + 218*m**2 - 54*m + 238*m**2 - 2 - m**3. Give h(18).
-2
Suppose 0 = 2*i + 2*u - 6, -15 = -i + 3*u + 2*u. Let r(g) = 10*g - i*g - 2*g. Determine r(1).
3
Let x be (-2196)/(-40) + (-3)/(-30). Let n(l) = -x*l - l**3 - 13 + 27*l - 18*l**2 + 10*l. Give n(-17).
4
Let a(r) be the third derivative of 0*r + 15/2*r**3 - 1/24*r**4 + 182*r**2 + 0. Calculate a(0).
45
Supp